{"id":6,"date":"2026-02-16T23:10:18","date_gmt":"2026-02-16T23:10:18","guid":{"rendered":"https:\/\/goodgeorge.mx\/?page_id=6"},"modified":"2026-03-19T05:12:44","modified_gmt":"2026-03-19T05:12:44","slug":"inicio","status":"publish","type":"page","link":"https:\/\/goodgeorge.mx\/","title":{"rendered":"Inicio"},"content":{"rendered":"\t\t<div data-elementor-type=\"wp-page\" data-elementor-id=\"6\" class=\"elementor elementor-6\" data-elementor-post-type=\"page\">\n\t\t\t\t<div class=\"elementor-element elementor-element-a6d01ca e-con-full e-flex e-con e-parent\" data-id=\"a6d01ca\" data-element_type=\"container\" data-e-type=\"container\" data-settings=\"{&quot;background_background&quot;:&quot;classic&quot;}\">\n\t\t\t\t<div class=\"elementor-element elementor-element-6d303e2 elementor-widget elementor-widget-image\" data-id=\"6d303e2\" data-element_type=\"widget\" data-e-type=\"widget\" data-widget_type=\"image.default\">\n\t\t\t\t\t\t\t\t\t\t\t\t\t\t\t<img fetchpriority=\"high\" decoding=\"async\" width=\"2560\" height=\"1671\" src=\"https:\/\/goodgeorge.mx\/wp-content\/uploads\/2026\/03\/gg-50-arte-scaled.png\" class=\"attachment-full size-full wp-image-16\" alt=\"\" srcset=\"https:\/\/goodgeorge.mx\/wp-content\/uploads\/2026\/03\/gg-50-arte-scaled.png 2560w, https:\/\/goodgeorge.mx\/wp-content\/uploads\/2026\/03\/gg-50-arte-300x196.png 300w, https:\/\/goodgeorge.mx\/wp-content\/uploads\/2026\/03\/gg-50-arte-1024x668.png 1024w, https:\/\/goodgeorge.mx\/wp-content\/uploads\/2026\/03\/gg-50-arte-768x501.png 768w, https:\/\/goodgeorge.mx\/wp-content\/uploads\/2026\/03\/gg-50-arte-1536x1003.png 1536w, https:\/\/goodgeorge.mx\/wp-content\/uploads\/2026\/03\/gg-50-arte-2048x1337.png 2048w\" sizes=\"(max-width: 2560px) 100vw, 2560px\" \/>\t\t\t\t\t\t\t\t\t\t\t\t\t\t\t<\/div>\n\t\t\t\t<\/div>\n\t\t<div class=\"elementor-element elementor-element-6da075e e-flex e-con-boxed e-con e-parent\" data-id=\"6da075e\" data-element_type=\"container\" data-e-type=\"container\">\n\t\t\t\t\t<div class=\"e-con-inner\">\n\t\t\t\t<div class=\"elementor-element elementor-element-40a8243 elementor-absolute elementor-widget elementor-widget-image\" data-id=\"40a8243\" data-element_type=\"widget\" data-e-type=\"widget\" data-settings=\"{&quot;_position&quot;:&quot;absolute&quot;}\" data-widget_type=\"image.default\">\n\t\t\t\t\t\t\t\t\t\t\t\t\t\t\t<img decoding=\"async\" width=\"2560\" height=\"1380\" src=\"https:\/\/goodgeorge.mx\/wp-content\/uploads\/2026\/03\/banner-gg-1-scaled.png\" class=\"attachment-full size-full wp-image-129\" alt=\"\" srcset=\"https:\/\/goodgeorge.mx\/wp-content\/uploads\/2026\/03\/banner-gg-1-scaled.png 2560w, https:\/\/goodgeorge.mx\/wp-content\/uploads\/2026\/03\/banner-gg-1-300x162.png 300w, https:\/\/goodgeorge.mx\/wp-content\/uploads\/2026\/03\/banner-gg-1-1024x552.png 1024w, https:\/\/goodgeorge.mx\/wp-content\/uploads\/2026\/03\/banner-gg-1-768x414.png 768w, https:\/\/goodgeorge.mx\/wp-content\/uploads\/2026\/03\/banner-gg-1-1536x828.png 1536w, https:\/\/goodgeorge.mx\/wp-content\/uploads\/2026\/03\/banner-gg-1-2048x1104.png 2048w\" sizes=\"(max-width: 2560px) 100vw, 2560px\" \/>\t\t\t\t\t\t\t\t\t\t\t\t\t\t\t<\/div>\n\t\t\t\t<div class=\"elementor-element elementor-element-6b297c5 elementor-absolute elementor-widget elementor-widget-heading\" data-id=\"6b297c5\" data-element_type=\"widget\" data-e-type=\"widget\" data-settings=\"{&quot;_position&quot;:&quot;absolute&quot;}\" data-widget_type=\"heading.default\">\n\t\t\t\t\t<h2 class=\"elementor-heading-title elementor-size-default\">Balance perfecto en nutrientes\n<\/h2>\t\t\t\t<\/div>\n\t\t\t\t<div class=\"elementor-element elementor-element-fb37d77 elementor-widget__width-initial elementor-absolute elementor-widget elementor-widget-text-editor\" data-id=\"fb37d77\" data-element_type=\"widget\" data-e-type=\"widget\" data-settings=\"{&quot;_position&quot;:&quot;absolute&quot;}\" data-widget_type=\"text-editor.default\">\n\t\t\t\t\t\t\t\t\t<p>Ofrecemos excelente nutrici\u00f3n y bienestar del perro; desde el origen de los ingredientes, es<span style=\"font-family: -apple-system, BlinkMacSystemFont, 'Segoe UI', Roboto, 'Helvetica Neue', Arial, 'Noto Sans', sans-serif, 'Apple Color Emoji', 'Segoe UI Emoji', 'Segoe UI Symbol', 'Noto Color Emoji';\"> el balance perfecto de nutrientes que se requiere para mantener la salud, energi\u0301a y vitalidad.<\/span><\/p>\t\t\t\t\t\t\t\t<\/div>\n\t\t\t\t<div class=\"elementor-element elementor-element-941c065 elementor-absolute elementor-widget elementor-widget-button\" data-id=\"941c065\" data-element_type=\"widget\" data-e-type=\"widget\" data-settings=\"{&quot;_position&quot;:&quot;absolute&quot;}\" data-widget_type=\"button.default\">\n\t\t\t\t\t\t\t\t\t\t<a class=\"elementor-button elementor-button-link elementor-size-sm\" href=\"#\">\n\t\t\t\t\t\t<span class=\"elementor-button-content-wrapper\">\n\t\t\t\t\t\t\t\t\t<span class=\"elementor-button-text\">Ver productos<\/span>\n\t\t\t\t\t<\/span>\n\t\t\t\t\t<\/a>\n\t\t\t\t\t\t\t\t<\/div>\n\t\t\t\t<div class=\"elementor-element elementor-element-9daaa44 elementor-widget elementor-widget-heading\" data-id=\"9daaa44\" data-element_type=\"widget\" data-e-type=\"widget\" data-widget_type=\"heading.default\">\n\t\t\t\t\t<h2 class=\"elementor-heading-title elementor-size-default\">A\u00f1ade aqu\u00ed tu texto de cabecera<\/h2>\t\t\t\t<\/div>\n\t\t<div class=\"elementor-element elementor-element-4e4bf90 e-con-full e-flex e-con e-child\" data-id=\"4e4bf90\" data-element_type=\"container\" data-e-type=\"container\" data-settings=\"{&quot;background_background&quot;:&quot;classic&quot;,&quot;position&quot;:&quot;absolute&quot;}\">\n\t\t<div class=\"elementor-element elementor-element-3e1d4a9 e-con-full e-flex e-con e-child\" data-id=\"3e1d4a9\" data-element_type=\"container\" data-e-type=\"container\">\n\t\t\t\t<div class=\"elementor-element elementor-element-da3588e elementor-widget elementor-widget-image\" data-id=\"da3588e\" data-element_type=\"widget\" data-e-type=\"widget\" data-widget_type=\"image.default\">\n\t\t\t\t\t\t\t\t\t\t\t\t\t\t\t<img decoding=\"async\" src=\"https:\/\/goodgeorge.mx\/wp-content\/uploads\/2026\/03\/GG-2kg-FRENTE-scaled.png\" title=\"GG 2kg FRENTE\" alt=\"GG 2kg FRENTE\" loading=\"lazy\" \/>\t\t\t\t\t\t\t\t\t\t\t\t\t\t\t<\/div>\n\t\t\t\t<div class=\"elementor-element elementor-element-e5d2a4f elementor-widget-divider--view-line elementor-widget elementor-widget-divider\" data-id=\"e5d2a4f\" data-element_type=\"widget\" data-e-type=\"widget\" data-widget_type=\"divider.default\">\n\t\t\t\t\t\t\t<div class=\"elementor-divider\">\n\t\t\t<span class=\"elementor-divider-separator\">\n\t\t\t\t\t\t<\/span>\n\t\t<\/div>\n\t\t\t\t\t\t<\/div>\n\t\t\t\t<div class=\"elementor-element elementor-element-5762a25 elementor-widget__width-initial elementor-widget elementor-widget-heading\" data-id=\"5762a25\" data-element_type=\"widget\" data-e-type=\"widget\" data-widget_type=\"heading.default\">\n\t\t\t\t\t<h2 class=\"elementor-heading-title elementor-size-default\">Good George alimento para perros 2kg<\/h2>\t\t\t\t<\/div>\n\t\t\t\t<div class=\"elementor-element elementor-element-88c7eb5 elementor-widget-divider--view-line elementor-widget elementor-widget-divider\" data-id=\"88c7eb5\" data-element_type=\"widget\" data-e-type=\"widget\" data-widget_type=\"divider.default\">\n\t\t\t\t\t\t\t<div class=\"elementor-divider\">\n\t\t\t<span class=\"elementor-divider-separator\">\n\t\t\t\t\t\t<\/span>\n\t\t<\/div>\n\t\t\t\t\t\t<\/div>\n\t\t\t\t<div class=\"elementor-element elementor-element-42aa7a5 elementor-align-center elementor-widget elementor-widget-button\" data-id=\"42aa7a5\" data-element_type=\"widget\" data-e-type=\"widget\" data-widget_type=\"button.default\">\n\t\t\t\t\t\t\t\t\t\t<a class=\"elementor-button elementor-button-link elementor-size-sm\" href=\"#\">\n\t\t\t\t\t\t<span class=\"elementor-button-content-wrapper\">\n\t\t\t\t\t\t\t\t\t<span class=\"elementor-button-text\">Conocer m\u00e1s<\/span>\n\t\t\t\t\t<\/span>\n\t\t\t\t\t<\/a>\n\t\t\t\t\t\t\t\t<\/div>\n\t\t\t\t<\/div>\n\t\t<div class=\"elementor-element elementor-element-4d182f4 e-con-full e-flex e-con e-child\" data-id=\"4d182f4\" data-element_type=\"container\" data-e-type=\"container\">\n\t\t\t\t<div class=\"elementor-element elementor-element-8e12d08 elementor-widget elementor-widget-image\" data-id=\"8e12d08\" data-element_type=\"widget\" data-e-type=\"widget\" data-widget_type=\"image.default\">\n\t\t\t\t\t\t\t\t\t\t\t\t\t\t\t<img decoding=\"async\" src=\"https:\/\/goodgeorge.mx\/wp-content\/uploads\/2026\/03\/GG-4kg-LATERAL-scaled.png\" title=\"GG 4kg LATERAL\" alt=\"GG 4kg LATERAL\" loading=\"lazy\" \/>\t\t\t\t\t\t\t\t\t\t\t\t\t\t\t<\/div>\n\t\t\t\t<div class=\"elementor-element elementor-element-aca197c elementor-widget-divider--view-line elementor-widget elementor-widget-divider\" data-id=\"aca197c\" data-element_type=\"widget\" data-e-type=\"widget\" data-widget_type=\"divider.default\">\n\t\t\t\t\t\t\t<div class=\"elementor-divider\">\n\t\t\t<span class=\"elementor-divider-separator\">\n\t\t\t\t\t\t<\/span>\n\t\t<\/div>\n\t\t\t\t\t\t<\/div>\n\t\t\t\t<div class=\"elementor-element elementor-element-a6ea77a elementor-widget__width-initial elementor-widget elementor-widget-heading\" data-id=\"a6ea77a\" data-element_type=\"widget\" data-e-type=\"widget\" data-widget_type=\"heading.default\">\n\t\t\t\t\t<h2 class=\"elementor-heading-title elementor-size-default\">Good George alimento para perros 4kg<\/h2>\t\t\t\t<\/div>\n\t\t\t\t<div class=\"elementor-element elementor-element-79c437f elementor-widget-divider--view-line elementor-widget elementor-widget-divider\" data-id=\"79c437f\" data-element_type=\"widget\" data-e-type=\"widget\" data-widget_type=\"divider.default\">\n\t\t\t\t\t\t\t<div class=\"elementor-divider\">\n\t\t\t<span class=\"elementor-divider-separator\">\n\t\t\t\t\t\t<\/span>\n\t\t<\/div>\n\t\t\t\t\t\t<\/div>\n\t\t\t\t<div class=\"elementor-element elementor-element-0961d59 elementor-widget elementor-widget-button\" data-id=\"0961d59\" data-element_type=\"widget\" data-e-type=\"widget\" data-widget_type=\"button.default\">\n\t\t\t\t\t\t\t\t\t\t<a class=\"elementor-button elementor-button-link elementor-size-sm\" href=\"#\">\n\t\t\t\t\t\t<span class=\"elementor-button-content-wrapper\">\n\t\t\t\t\t\t\t\t\t<span class=\"elementor-button-text\">Conocer m\u00e1s<\/span>\n\t\t\t\t\t<\/span>\n\t\t\t\t\t<\/a>\n\t\t\t\t\t\t\t\t<\/div>\n\t\t\t\t<\/div>\n\t\t<div class=\"elementor-element elementor-element-8669a1c e-con-full e-flex e-con e-child\" data-id=\"8669a1c\" data-element_type=\"container\" data-e-type=\"container\">\n\t\t\t\t<div class=\"elementor-element elementor-element-d780207 elementor-widget elementor-widget-image\" data-id=\"d780207\" data-element_type=\"widget\" data-e-type=\"widget\" data-widget_type=\"image.default\">\n\t\t\t\t\t\t\t\t\t\t\t\t\t\t\t<img decoding=\"async\" src=\"https:\/\/goodgeorge.mx\/wp-content\/uploads\/2026\/03\/GG-10kg-FRENTE-scaled.png\" title=\"GG 10kg FRENTE\" alt=\"GG 10kg FRENTE\" loading=\"lazy\" \/>\t\t\t\t\t\t\t\t\t\t\t\t\t\t\t<\/div>\n\t\t\t\t<div class=\"elementor-element elementor-element-3bdc2f4 elementor-widget-divider--view-line elementor-widget elementor-widget-divider\" data-id=\"3bdc2f4\" data-element_type=\"widget\" data-e-type=\"widget\" data-widget_type=\"divider.default\">\n\t\t\t\t\t\t\t<div class=\"elementor-divider\">\n\t\t\t<span class=\"elementor-divider-separator\">\n\t\t\t\t\t\t<\/span>\n\t\t<\/div>\n\t\t\t\t\t\t<\/div>\n\t\t\t\t<div class=\"elementor-element elementor-element-63f6906 elementor-widget__width-initial elementor-widget elementor-widget-heading\" data-id=\"63f6906\" data-element_type=\"widget\" data-e-type=\"widget\" data-widget_type=\"heading.default\">\n\t\t\t\t\t<h2 class=\"elementor-heading-title elementor-size-default\">Good George alimento para perros 10kg<\/h2>\t\t\t\t<\/div>\n\t\t\t\t<div class=\"elementor-element elementor-element-dce697b elementor-widget-divider--view-line elementor-widget elementor-widget-divider\" data-id=\"dce697b\" data-element_type=\"widget\" data-e-type=\"widget\" data-widget_type=\"divider.default\">\n\t\t\t\t\t\t\t<div class=\"elementor-divider\">\n\t\t\t<span class=\"elementor-divider-separator\">\n\t\t\t\t\t\t<\/span>\n\t\t<\/div>\n\t\t\t\t\t\t<\/div>\n\t\t\t\t<div class=\"elementor-element elementor-element-20e4d33 elementor-align-center elementor-widget elementor-widget-button\" data-id=\"20e4d33\" data-element_type=\"widget\" data-e-type=\"widget\" data-widget_type=\"button.default\">\n\t\t\t\t\t\t\t\t\t\t<a class=\"elementor-button elementor-button-link elementor-size-sm\" href=\"#\">\n\t\t\t\t\t\t<span class=\"elementor-button-content-wrapper\">\n\t\t\t\t\t\t\t\t\t<span class=\"elementor-button-text\">Conocer m\u00e1s<\/span>\n\t\t\t\t\t<\/span>\n\t\t\t\t\t<\/a>\n\t\t\t\t\t\t\t\t<\/div>\n\t\t\t\t<\/div>\n\t\t<div class=\"elementor-element elementor-element-93b3a33 e-con-full e-flex e-con e-child\" data-id=\"93b3a33\" data-element_type=\"container\" data-e-type=\"container\">\n\t\t\t\t<div class=\"elementor-element elementor-element-cc5d2d8 elementor-widget elementor-widget-image\" data-id=\"cc5d2d8\" data-element_type=\"widget\" data-e-type=\"widget\" data-widget_type=\"image.default\">\n\t\t\t\t\t\t\t\t\t\t\t\t\t\t\t<img decoding=\"async\" src=\"https:\/\/goodgeorge.mx\/wp-content\/uploads\/2026\/03\/GG-20kg-REVERSO-scaled.png\" title=\"GG 20kg REVERSO\" alt=\"GG 20kg REVERSO\" loading=\"lazy\" \/>\t\t\t\t\t\t\t\t\t\t\t\t\t\t\t<\/div>\n\t\t\t\t<div class=\"elementor-element elementor-element-a798157 elementor-widget-divider--view-line elementor-widget elementor-widget-divider\" data-id=\"a798157\" data-element_type=\"widget\" data-e-type=\"widget\" data-widget_type=\"divider.default\">\n\t\t\t\t\t\t\t<div class=\"elementor-divider\">\n\t\t\t<span class=\"elementor-divider-separator\">\n\t\t\t\t\t\t<\/span>\n\t\t<\/div>\n\t\t\t\t\t\t<\/div>\n\t\t\t\t<div class=\"elementor-element elementor-element-1da9989 elementor-widget__width-initial elementor-widget elementor-widget-heading\" data-id=\"1da9989\" data-element_type=\"widget\" data-e-type=\"widget\" data-widget_type=\"heading.default\">\n\t\t\t\t\t<h2 class=\"elementor-heading-title elementor-size-default\">Good George alimento para perros 20kg<\/h2>\t\t\t\t<\/div>\n\t\t\t\t<div class=\"elementor-element elementor-element-29e7e81 elementor-widget-divider--view-line elementor-widget elementor-widget-divider\" data-id=\"29e7e81\" data-element_type=\"widget\" data-e-type=\"widget\" data-widget_type=\"divider.default\">\n\t\t\t\t\t\t\t<div class=\"elementor-divider\">\n\t\t\t<span class=\"elementor-divider-separator\">\n\t\t\t\t\t\t<\/span>\n\t\t<\/div>\n\t\t\t\t\t\t<\/div>\n\t\t\t\t<div class=\"elementor-element elementor-element-07a214b elementor-align-center elementor-widget elementor-widget-button\" data-id=\"07a214b\" data-element_type=\"widget\" data-e-type=\"widget\" data-widget_type=\"button.default\">\n\t\t\t\t\t\t\t\t\t\t<a class=\"elementor-button elementor-button-link elementor-size-sm\" href=\"#\">\n\t\t\t\t\t\t<span class=\"elementor-button-content-wrapper\">\n\t\t\t\t\t\t\t\t\t<span class=\"elementor-button-text\">Conocer m\u00e1s<\/span>\n\t\t\t\t\t<\/span>\n\t\t\t\t\t<\/a>\n\t\t\t\t\t\t\t\t<\/div>\n\t\t\t\t<\/div>\n\t\t\t\t<\/div>\n\t\t\t\t\t<\/div>\n\t\t\t\t<\/div>\n\t\t\t\t<\/div>\n\t\t","protected":false},"excerpt":{"rendered":"<p>Balance perfecto en nutrientes Ofrecemos excelente nutrici\u00f3n y bienestar del perro; desde el origen de los ingredientes, es el balance perfecto de nutrientes que se requiere para mantener la salud, energi\u0301a y vitalidad. Ver productos A\u00f1ade aqu\u00ed tu texto de cabecera Good George alimento para perros 2kg Conocer m\u00e1s Good George alimento para perros 4kg [&hellip;]<\/p>\n","protected":false},"author":1,"featured_media":0,"parent":0,"menu_order":0,"comment_status":"closed","ping_status":"closed","template":"","meta":{"footnotes":""},"class_list":["post-6","page","type-page","status-publish","hentry"],"_links":{"self":[{"href":"https:\/\/goodgeorge.mx\/index.php\/wp-json\/wp\/v2\/pages\/6","targetHints":{"allow":["GET"]}}],"collection":[{"href":"https:\/\/goodgeorge.mx\/index.php\/wp-json\/wp\/v2\/pages"}],"about":[{"href":"https:\/\/goodgeorge.mx\/index.php\/wp-json\/wp\/v2\/types\/page"}],"author":[{"embeddable":true,"href":"https:\/\/goodgeorge.mx\/index.php\/wp-json\/wp\/v2\/users\/1"}],"replies":[{"embeddable":true,"href":"https:\/\/goodgeorge.mx\/index.php\/wp-json\/wp\/v2\/comments?post=6"}],"version-history":[{"count":31,"href":"https:\/\/goodgeorge.mx\/index.php\/wp-json\/wp\/v2\/pages\/6\/revisions"}],"predecessor-version":[{"id":158,"href":"https:\/\/goodgeorge.mx\/index.php\/wp-json\/wp\/v2\/pages\/6\/revisions\/158"}],"wp:attachment":[{"href":"https:\/\/goodgeorge.mx\/index.php\/wp-json\/wp\/v2\/media?parent=6"}],"curies":[{"name":"wp","href":"https:\/\/api.w.org\/{rel}","templated":true}]}}